base 2?
100101
Convert 532 (base 6) to base 13.
125
What is 4 (base 14) in base 5?
4
-9 (base 16) to base 6
-13
Convert 14 (base 7) to base 11.
10
What is -2 (base 4) in base 2?
-10
What is 63 (base 11) in base 7?
126
What is 44 (base 10) in base 3?
1122
-2 (base 6) to base 3
-2
What is 23 (base 11) in base 5?
100
What is 75 (base 12) in base 13?
6b
What is -1 (base 2) in base 9?
-1
-14 (base 14) to base 2
-10010
-162 (base 7) to base 6
-233
Convert 3 (base 8) to base 12.
3
100 (base 2) to base 13
4
Convert -1 (base 16) to base 7.
-1
Convert -10 (base 8) to base 5.
-13
Convert 1 (base 16) to base 9.
1
-43 (base 16) to base 15
-47
Convert -203 (base 4) to base 3.
-1022
3 (base 12) to base 11
3
Convert a (base 16) to base 14.
a
What is a (base 14) in base 3?
101
What is -2200 (base 3) in base 13?
-57
What is 324 (base 5) in base 13?
6b
What is -1 (base 11) in base 8?
-1
Convert 8 (base 16) to base 8.
10
-234 (base 8) to base 12
-110
What is -2 (base 12) in base 13?
-2
22 (base 11) to base 16
18
-101110000 (base 2) to base 14
-1c4
What is -14 (base 12) in base 5?
-31
0 (base 7) to base 3
0
100 (base 2) to base 13
4
Convert -1111 (base 2) to base 14.
-11
Convert 31 (base 4) to base 11.
12
What is -132 (base 4) in base 14?
-22
9 (base 12) to base 3
100
-3 (base 7) to base 16
-3
Convert -431 (base 6) to base 12.
-117
What is 1 (base 11) in base 9?
1
-5 (base 7) to base 9
-5
Convert -11b (base 15) to base 5.
-2001
-352 (base 6) to base 15
-95
What is -365 (base 7) in base 13?
-11c
What is -4 (base 7) in base 15?
-4
Convert 100 (base 2) to base 5.
4
-27 (base 8) to base 12
-1b
What is 70 (base 13) in base 12?
77
a (base 15) to base 8
12
Convert 15 (base 12) to base 13.
14
112 (base 4) to base 3
211
1 (base 7) to base 8
1
2 (base 15) to base 3
2
What is 211 (base 5) in base 10?
56
Convert 0 (base 3) to base 14.
0
Convert 1 (base 15) to base 11.
1
2 (base 11) to base 15
2
-3 (base 8) to base 5
-3
-107 (base 14) to base 16
-cb
Convert 19 (base 11) to base 14.
16
What is -10 (base 3) in base 7?
-3
Convert 1222 (base 3) to base 7.
104
Convert 14 (base 10) to base 16.
e
307 (base 10) to base 7
616
0 (base 2) to base 6
0
-11 (base 4) to base 10
-5
What is 28 (base 16) in base 3?
1111
What is 7 (base 16) in base 6?
11
Convert 9 (base 15) to base 12.
9
Convert 1101100 (base 2) to base 13.
84
-6 (base 8) to base 12
-6
101 (base 2) to base 14
5
What is 20 (base 5) in base 3?
101
Convert 302 (base 5) to base 6.
205
What is -7 (base 14) in base 10?
-7
Convert 77 (base 9) to base 14.
50
-11 (base 8) to base 7
-12
Convert -1 (base 3) to base 8.
-1
What is 4 (base 7) in base 3?
11
-84 (base 14) to base 13
-8c
Convert 30 (base 8) to base 10.
24
What is -177 (base 11) in base 2?
-11001101
Convert -11 (base 14) to base 3.
-120
3112 (base 4) to base 13
136
What is -11 (base 11) in base 4?
-30
-11 (base 3) to base 10
-4
What is 1110 (base 2) in base 16?
e
What is 10 (base 7) in base 14?
7
3 (base 11) to base 13
3
What is -6 (base 9) in base 10?
-6
Convert 5 (base 13) to base 14.
5
Convert 100 (base 2) to base 6.
4
What is -33 (base 6) in base 3?
-210
Convert -1140 (base 5) to base 9.
-208
Convert -9 (base 11) to base 14.
-9
Convert 1 (base 13) to base 4.
1
What is -5 (base 11) in base 3?
-12
What is 72 (base 14) in base 13?
79
11 (base 11) to base 16
c
What is 0 (base 16) in base 5?
0
What is -23 (base 6) in base 8?
-17
Convert 413 (base 5) to base 16.
6c
0 (base 9) to base 7
0
108 (base 11) to base 14
93
What is 0 (base 11) in base 7?
0
Convert -1001111 (base 2) to base 7.
-142
What is -2 (base 8) in base 6?
-2
What is -13 (base 8) in base 14?
-b
Convert -101010 (base 2) to base 7.
-60
What is 182 (base 10) in base 15?
c2
Convert 4 (base 5) to base 4.
10
What is 2b (base 13) in base 7?
52
-14 (base 5) to base 9
-10
Convert -122 (base 3) to base 6.
-25
Convert 24 (base 8) to base 2.
10100
Convert -1 (base 12) to base 15.
-1
Convert 40 (base 11) to base 8.
54
What is -1101010 (base 2) in base 14?
-78
What is 57 (base 10) in base 15?
3c
-5 (base 14) to base 10
-5
6 (base 8) to base 11
6
Convert -17 (base 8) to base 15.
-10
Convert 202 (base 7) to base 2.
1100100
What is -115 (base 14) in base 11?
-186
Convert -b (base 14) to base 16.
-b
-1 (base 11) to base 7
-1
Convert 20 (base 8) to base 2.
10000
0 (base 14) to base 13
0
-2023 (base 4) to base 14
-9d
Convert 0 (base 3) to base 10.
0
-101 (base 3) to base 9
-11
Convert 8 (base 14) to base 4.
20
Convert -10111 (base 4) to base 8.
-425
-1201 (base 3) to base 9
-51
Convert 111110 (base 2) to base 12.
52
Convert 44 (base 6) to base 14.
20
-3 (base 5) to base 14
-3
What is -11 (base 4) in base 6?
-5
2 (base 12) to base 3
2
3 (base 9) to base 14
3
1031 (base 4) to base 3
2212
What is 1 (base 11) in base 13?
1
7 (base 10) to base 14
7
Convert -1 (base 15) to base 14.
-1
What is -15 (base 14) in base 10?
-19
Convert 5 (base 10) to base 14.
5
What is -1 (base 14) in base 7?
-1
Convert 5 (base 6) to base 13.
5
Convert -a (base 16) to base 12.
-a
10 (base 3) to base 10
3
What is 15 (base 16) in base 8?
25
Convert 11 (base 10) to base 8.
13
What is 17 (base 9) in base 16?
10
What is 1212 (base 3) in base 4?
302
Convert 1000 (base 2) to base 10.
8
What is -4 (base 6) in base 11?
-4
Convert -36 (base 11) to base 3.
-1110
42 (base 5) to base 8
26
Convert 153 (base 10) to base 7.
306
What is 3 (base 11) in base 9?
3
Convert 22 (base 3) to base 10.
8
What is 24 (base 5) in base 2?
1110
-62 (base 11) to base 12
-58
What is 302 (base 7) in base 5?
1044
Convert -11 (base 10) to base 5.
-21
What is 86 (base 16) in base 2?
10000110
-3 (base 9) to base 4
-3
Convert -111 (base 6) to base 13.
-34
1100 (base 4) to base 6
212
What is -110 (base 2) in base 11?
-6
Convert -174 (base 16) to base 4.
-11310
What is 140 (base 7) in base 6?
205
Convert -10100 (base 2) to base 7.
-26
Convert 30 (base 4) to base 16.
c
-322 (base 7) to base 14
-b9
What is 5 (base 12) in base 4?
11
Convert -23 (base 10) to base 8.
-27
Convert -3 (base 9) to base 14.
-3
Convert 212 (base 6) to base 15.
55
Convert -430 (base 5) to base 7.
-223
2 (base 14) to base 9
2
What is 12112 (base 3) in base 14?
a9
What is 1003 (base 6) in base 7?
432
-20 (base 9) to base 2
-10010
-1 (base 15) to base 8
-1
Convert 1 (base 9) to base 10.
1
-2 (base 14) to base 2
-10
What is 0 (base 13) in base 6?
0
Convert -15 (base 7) to base 8.
-14
-3 (base 9) to base 15
-3
8 (base 15) to base 7
11
What is 7b (base 12) in base 6?
235
-41 (base 5) to base 16
-15
What is -5 (base 11) in base 16?
-5
Convert -1 (base 9) to base 6.
-1
What is -45 (base 6) in base 13?
-23
What is -10 (base 12) in base 15?
-c
What is 10 (base 8) in base 14?
8
Convert 0 (base 3) to base 7.
0
-51 (base 8) to base 15
-2b
12 (base 8) to base 16
a
What is -10 (base 9) in base 7?
-12
What is 10 (base 15) in base 7?
21
102 (base 5) to base 6
43
Convert -155 (base 9) to base 11.
-10a
What is -1 (base 6) in base 3?
-1
What is 1 (base 5) in base 7?
1
What is 63 (base 11) in base 15?
49
Convert 14 (base 7) to base 6.
15
Convert 1 (base 15) to base 6.
1
0 (base 7) to base 11
0
Convert 1 (base 16) to base 6.
1
-4c (base 14) to base 8
-104
What is -11110 (base 2) in base 8?
-36
What is -213 (base 4) in base 8?
-47
-12b (base 13) to base 3
-21122
-10010111 (base 2) to base 8
-227
Convert -112 (base 8) to base 11.
-68
-4 (base 14) to base 16
-4
Convert -2 (base 6) to base 2.
-10
What is 3 (base 10) in base 11?
3
Convert 254 (base 8) to base 3.
20101
Convert 4 (base 10) to base 5.
4
What is 1 (base 6) in base 4?
1
Convert -7 (base 14) to base 9.
-7
10 (base 5) to base 9
5
Convert 22 (base 10) to base 2.
10110
Convert 2 (base 6) to base 8.
2
What is -3 (base 11) in base 4?
-3
Convert -2 (base 3) to base 2.
-10
Convert 67 (base 14) to base 4.
1123
What is 1010 (base 3) in base 4?
132
-222 (base 6) to base 8
-126
What is 3 (base 14) in base 2?
11
What is 9 (base 15) in base 10?
9
-3 (base 12) to base 5
-3
Convert 10 (base 3) to base 13.
3
What is 2 (base 5) in base 12?
2
Convert 1120 (base 3) to base 13.
33
Convert 9 (base 14) to base 16.
9
What is 3 (base 14) in base 10?
3
Convert -12 (base 9) to base 2.
-1011
415 (base 6) to base 4
2123
4 (base 15) to base 8
4
Convert 101100 (base 2) to base 13.
35
What is 43 (base 10) in base 2?
101011
Conv